te the remainder when q is divided by m.
5
Let i = -57 + 32. Let t = 29 + i. Calculate the remainder when t is divided by 4.
0
Let c be -7*(18 - (-4 + 5)). Let p = c + 169. What is the remainder when p is divided by 1 + 50/2 + 0?
24
Suppose 9*x + 14*x - 1817 = 0. Calculate the remainder when x is divided by 14.
9
Let r(p) = 3*p**2 - 3*p - 7. Calculate the remainder when r(-6) is divided by (-220)/(-990) - 20/(-12)*536/30.
29
Let r = -266 - -326. What is the remainder when 718 is divided by r?
58
Suppose 96 = 3*z - 0. Calculate the remainder when 138 is divided by z.
10
Let p = -77 - -147. Suppose -q + 104 = 3*f, -175 = -4*f - 2*q - 39. What is the remainder when p is divided by f?
34
Suppose -3*a - 76 + 242 = -5*y, -a - 4*y + 27 = 0. What is the remainder when a is divided by 5?
2
Suppose 10*z + 56 = 6*z. Let w = 9 - z. Suppose -3*p + 2*y = -w - 68, 61 = 3*p + 4*y. What is the remainder when p is divided by 14?
13
Let d(h) be the third derivative of 11*h**5/60 + h**4/6 + 2*h**3/3 - 7*h**2. Let b be 96/(-42) - (-2)/7. Calculate the remainder when 158 is divided by d(b).
38
Suppose 2*x + v = x + 1, -x + 5 = 2*v. Calculate the remainder when x/(-4) - (-161)/4 is divided by 11.
8
Let o(g) = 12*g**2 - g. Let z = 480 + -476. Calculate the remainder when o(-1) is divided by z.
1
Suppose 2*d = -4*d + 300. Calculate the remainder when 349 is divided by d.
49
Let f(z) = -14*z - 4 + 23*z - 15*z. What is the remainder when 13 is divided by f(-1)?
1
Let j = 560 + -463. What is the remainder when j is divided by 14?
13
Suppose -8*k + 159 = -49. Calculate the remainder when k is divided by 18.
8
Let s = 9 + 0. Suppose -2*m + 10 = -20. Calculate the remainder when m is divided by s.
6
Let l be 125/10 + (-1)/2. What is the remainder when ((-72)/42)/(5/(-210)) is divided by 220/l + 4/6?
15
Let z(x) = x**3 + 15*x**2 + 25*x - 10. Let b be z(-13). Suppose b*o = 4*i - 105 - 5, 2*o = -4*i + 120. What is the remainder when 53 is divided by i?
24
Let n = -48 - -85. Let u = 6 + -2. Suppose 2*r - 90 = -4*t, -u*t - 3 + 108 = 5*r. What is the remainder when n is divided by t?
17
Suppose 4*w - 3*c = -w + 412, 2*w = 2*c + 164. Calculate the remainder when 746 is divided by w.
82
Let b = 80 + -56. Calculate the remainder when (7488/(-320))/(1/(-5)) is divided by b.
21
Let f(p) = -2*p + 22. Let h be f(9). Suppose h*a + 4*j = 92, 5*a + 55 = 2*j + 156. What is the remainder when a is divided by 6?
3
Let x(j) = j + 12. Let g(l) = 4*l**2 + 2*l + 1. Let c be g(-1). Let y(p) = -3*p + 4. Let a be y(c). Calculate the remainder when 11 is divided by x(a).
4
What is the remainder when -2 + 6 + (-2 - (-147)/3) is divided by 28?
23
Let q = 46 + -24. Let j(l) = -l**2 + 4*l - 1. Let d be j(4). Calculate the remainder when q is divided by 0 + d/(-1) + 7.
6
Let c(l) = -l**3 - 2*l**2 + 32*l - 12. What is the remainder when c(-8) is divided by 43?
30
Let w = 23 + -15. Suppose l = -5*g + w + 12, 2*l = 5*g - 5. Suppose 4 + 2 = -4*o - 5*d, -4*d = 3*o + 5. Calculate the remainder when g is divided by o.
0
Let n(x) = -15*x - 96. What is the remainder when n(-7) is divided by 8?
1
Let k = -67 - -103. What is the remainder when k is divided by 14?
8
Suppose -4*y = -4*n + 16, y = -n - 0*n - 2. Calculate the remainder when n is divided by 1.
0
Let s(g) = -g**2 + 53*g + 17. Suppose -2*i = -4*u + 190, 2*u - 64 = u - 5*i. Calculate the remainder when u is divided by s(53).
15
Let i(x) = x**3 + 20*x**2 + 6*x + 33. Calculate the remainder when i(-19) is divided by 47.
45
Let q = 26 + -6. Suppose q*h - 22*h + 118 = 0. Calculate the remainder when 234 is divided by h.
57
Suppose 5*r - h - 207 = 0, -13*h - 6 = -15*h. What is the remainder when r is divided by 7?
0
Let h = 87 + 28. Let k = -7 - -20. What is the remainder when h is divided by k?
11
Let p be ((-10)/8)/(4/(-48)). Suppose -4*a + 6*a = -u - 3, -5*u = p. Suppose 3*f + f - 116 = a. What is the remainder when f is divided by 10?
9
What is the remainder when (16 - -1) + 18 + -20 is divided by 9?
6
What is the remainder when (-1094)/(-18) - 10/(-45) is divided by 43?
18
Suppose 0 = 4*m + g - 3501 + 405, -2*m + 2*g = -1538. What is the remainder when m is divided by 31?
29
Let z = 251 - 241. Calculate the remainder when 88 is divided by z.
8
Suppose -y + 5*x = 11, y - 2*y + 2*x = 2. Calculate the remainder when 43 is divided by (1 - (y - 7)) + 8.
7
Let x(h) = -8*h. Suppose -144*q - 60 = -130*q - 242. Calculate the remainder when q is divided by x(-1).
5
Let o(k) = 11*k - 3. Calculate the remainder when 357 is divided by o(3).
27
Let g(s) = -s**3 - 2*s**2 + 2*s + 4. Let h be g(-4). Suppose 5*j - h = 2. Suppose 187 = -3*i + 14*i. What is the remainder when i is divided by j?
5
Let t(z) = -z**3 - 2*z**2 + 5*z**2 + 3*z - 11 + z**2 + 8. Calculate the remainder when t(4) is divided by (-28)/(-126) + (-68)/(-18).
1
Let y(j) = 25*j + 168. What is the remainder when 111 is divided by y(-5)?
25
Let r be (-12)/(-21) - 12/21. Suppose -y + 36 - 11 = r. Calculate the remainder when 96 is divided by y.
21
Suppose 0 = -5*q + 3*v + 28, 3*v = q - 2*q + 2. Suppose 0 = -q*a + 4*n + 667, a = -a - 5*n + 247. Calculate the remainder when a is divided by 7.
5
Let x = -50 + 73. Let k(q) = 9*q**2 - 3*q + 2. Calculate the remainder when x is divided by k(1).
7
Let p be 4/2*(1 - (-32 + 4)). Let a = -50 + p. Calculate the remainder when 31 is divided by a.
7
Let c = 413 + -219. Suppose -4*u + 0*o + 257 = 5*o, -5*o = 3*u - c. Calculate the remainder when u is divided by 16.
15
Suppose 4*a = -0*u - 4*u, 0 = 4*u + 5*a + 5. Suppose u*g = 3*h - 58, g + 38 = -2*h + 5*h. Calculate the remainder when 43 is divided by h.
10
Suppose 0*r - 4*k - 22 = -2*r, 5*r - 5*k - 35 = 0. Calculate the remainder when 25 is divided by (22/r)/(18/27).
3
Let j(p) = 68*p. Let g be j(3). Let k = 21 + 11. What is the remainder when k is divided by (-4)/(-6)*g/8?
15
Suppose -5*z + 0*z = -110. Let a(v) = -v - 6. Let i be a(9). Calculate the remainder when (i/(-25))/(1*(-1)/(-145)) is divided by z.
21
Suppose 4*o = 5*b - 21, 3*o + 0*o + 15 = 3*b. Let m be ((-60)/(-25))/(1/(-5)). Let q = b - m. Calculate the remainder when 23 is divided by q.
10
Let t = 348 - 298. What is the remainder when 182 is divided by t?
32
Let b(c) = 21*c - 135. What is the remainder when 94 is divided by b(7)?
10
Suppose -4*z = -88 - 12. Calculate the remainder when z is divided by (-14 - -13)/(2 - (-42)/(-20)).
5
Let v = 21 - 8. Suppose z - 34 = v. Let p = -9 + z. Calculate the remainder when p is divided by 20.
18
Let f(h) = -h**2 - 12*h - 17. Let a(k) = 4*k**3 - k**2 + k - 1. Let j be a(1). Let n = j + 3. What is the remainder when f(-4) is divided by n?
3
Calculate the remainder when 302 is divided by (-110)/(-132) - (-451)/6.
74
Suppose -42*a = -24*a - 540. What is the remainder when 86 is divided by a?
26
Let v = -1 - -7. Calculate the remainder when 21 is divided by ((-22)/v)/(4/(-12)).
10
Suppose -8 = 3*f - 26. Let q(c) = 5*c - 17. Calculate the remainder when 22 is divided by q(f).
9
Let s(c) = 37*c**3 + c. Let v be s(1). Let t be 6*(((-14)/(-4))/1 + -3). Let q = v - t. Calculate the remainder when q is divided by 12.
11
Suppose -180 = 2*g - 606. Calculate the remainder when (g/(-15))/((-2)/10) is divided by 12.
11
Let s(i) = 5*i. Let q(x) = -1. Let u(m) = 6*q(m) + s(m). Suppose 3*h - 31 + 1 = 0. Calculate the remainder when u(7) is divided by h.
9
Suppose 0 = -3*r + y - 4*y, 0 = 3*r + y - 6. Suppose 2*s + r*s - 2*k = 97, 2*s = 5*k + 22. What is the remainder when 40 is divided by s?
19
Suppose 144 = 3*m + 27. Let b = -24 + m. What is the remainder when 41 is divided by b?
11
Suppose -3*c - 2*j + 5 = -2, 2*c + 2*j = 4. Let z(u) = -2*u**2 - 8*u + u**c + 7 + 0*u**3 - 6*u**2 - 2*u**3. Calculate the remainder when 67 is divided by z(-7).
11
Let t(a) = 36*a**2 - a + 1. Let u = -3414 + 3484. Calculate the remainder when u is divided by t(1).
34
Let z(x) = 2*x**2 - 4*x - 4. Let i be ((-30)/25)/((-6)/20). Calculate the remainder when 47 is divided by z(i).
11
Let u(j) = j**2 - 20*j - 40. Let c be u(22). Suppose 0 = c*q - 2*a - 212 - 18, -q - 5*a + 52 = 0. Calculate the remainder when q is divided by 15.
12
Let i = 2542 + -2184. Calculate the remainder when i is divided by 50.
8
Let t(p) be the first derivative of p**2/2 - p - 8. Let w(